-4 + 3 + j)?
9
Suppose -3*x + x = -5*h + 916, -4*h - 2*x = -722. Let l = h + -109. What is the units digit of l?
3
Let l = -25 + 45. Suppose 582 = -3*i + 3*x, 336 = -4*i - x - 440. What is the units digit of i/(-10) + 12/l?
0
Let t(n) = 9*n**3 - 2*n**2 - 26*n - 27. What is the tens digit of t(7)?
8
Suppose 7*x + 7*x = -434. Let g(s) = -s**2 - 37*s + 30. What is the units digit of g(x)?
6
Suppose -32*g = -33181 + 1309. What is the units digit of g?
6
Suppose 0 = 5*h - 5*y + 32 - 517, y = 2*h - 198. Suppose -u + h = -m, -5*m - 63 - 38 = -u. What is the hundreds digit of u?
1
Suppose i + n = 12, 9*i + 3*n + 60 = 14*i. Suppose -415 - 965 = -i*f. What is the units digit of f?
5
Let d be (-3 + 2)/(2/(-6)). Let u(p) = 3*p**2 - 4*p - 1. Let f be u(3). What is the units digit of (d - f/6)*12?
8
Let c = 83 - 50. What is the hundreds digit of (-22)/c + 1696/6?
2
Suppose -355 + 101 = -2*c - j, -395 = -3*c - 5*j. Suppose 4*y - c = 163. What is the tens digit of y?
7
Suppose -p - 3 = -2*p. What is the units digit of (-1)/(-4) + -499*p/(-12)?
5
Suppose o - 605 - 311 = 0. What is the hundreds digit of o?
9
Suppose 3*u - 4*s - 15 = 0, 1 = -3*u + 2*s + 10. Let x be u/3 + (-20)/(-3). Suppose -x*d = -2*d - 130. What is the tens digit of d?
2
Let g(d) = -3*d**3 + 2*d**2 - 10*d + 10. Let c(u) = 2*u**3 - u**2 + 5*u - 5. Let n(b) = 5*c(b) + 3*g(b). What is the units digit of n(3)?
6
What is the tens digit of 6/21 + (-31557)/(-21)?
0
Suppose 30179 = 18*x - 7117. What is the thousands digit of x?
2
Let t = -121 + 169. What is the tens digit of t?
4
Suppose -18643 = -22*m + 8351. What is the units digit of m?
7
Let m = 5 + -2. Let l = m + 10. Suppose 5*k - 2*o = 68 - 12, -o = -k + l. What is the units digit of k?
0
Suppose 11*f - 14 = -2*y + 6*f, -2*f + 4 = 0. Suppose -5*r = y*d - d - 135, 2*d - 3*r = 218. What is the hundreds digit of d?
1
Let q = -9 - -7. Let r(d) = -3*d - 1. Let j be r(q). Suppose j*h - 71 = -2*v, 4*h + 2*v + 3*v = 67. What is the units digit of h?
3
Suppose 0 = 59*w - 72*w + 17342. What is the tens digit of w?
3
Let x be (-10)/(-65) - (-2)/(-13). Suppose 0*m + 4*m - 2*i + 8 = 0, x = -5*i + 20. Suppose m = -0*a + 4*a - 72. What is the units digit of a?
8
Let v be (3 - 20/8)*0/2. Suppose n - 2*i = 23 + 57, v = 2*n + 5*i - 178. What is the tens digit of n?
8
Let v be 18/117 + 2/(-13). Let a = 4 - v. Suppose -2 = a*b - 266. What is the tens digit of b?
6
Let q = 211 + 697. What is the units digit of q?
8
Suppose -7*t + 6*t - 425 = 0. Let s = -265 - t. What is the units digit of s?
0
Let j be ((-1395)/10)/((-9)/24). Suppose 0*f - j = 3*f. What is the tens digit of 12/18 - f/3?
4
Let i = -90 - -99. Let z(u) = 21*u + 1. What is the tens digit of z(i)?
9
What is the tens digit of -2*3 - (100 - 634)?
2
Let n(t) = 4*t**2 + 3*t + 11. Suppose a - 2*r - 8 = 0, -4*a = a + 4*r - 40. What is the tens digit of n(a)?
9
Let z = 491 + 310. What is the tens digit of z?
0
Suppose 246*o - 432 = 245*o. What is the hundreds digit of o?
4
Let z be 504/32 - 6/8. Suppose -8*y - 2*f = -5*y - 98, -3*f - z = 0. What is the tens digit of y?
3
Let n(q) = -71*q + 45. What is the tens digit of n(-6)?
7
Suppose 5*x - 262 = -u, -5*x - 30 + 288 = -u. What is the units digit of x?
2
Suppose 13*z = -1163 + 4166. What is the tens digit of z?
3
Let u = 7 - 4. Suppose -k + 212 = u*k. What is the tens digit of k?
5
Suppose 0 = d + 3, -4*s + d - 1095 = 2*d. Let h = 453 + s. Suppose -5*x = -x - h. What is the tens digit of x?
4
Let c(d) = d**3 + 3*d**2 - 5*d - 3. Let s be c(-4). Suppose -423 = -4*h + 5*n, 2*h - s = 3*n + 208. What is the hundreds digit of h?
1
Suppose 4*h + 3*f - 2482 = 3*h, 2*h - 4952 = -2*f. What is the hundreds digit of h?
4
Suppose -6792 = -15*g + 7*g. What is the tens digit of g?
4
Let g = 0 + 12. Let d(j) = 4*j - 72. Let w(p) = -p + 18. Let f(s) = 2*d(s) + 9*w(s). What is the units digit of f(g)?
6
Suppose 76104 = -30*v + 93*v. What is the thousands digit of v?
1
What is the thousands digit of ((-12)/(-4))/((-3)/(-1646))?
1
Suppose -5 = 5*n - 5*q + 65, -5*n - 79 = 4*q. Let x be n/(-6)*(1 + 5). Suppose -13*r - 84 = -x*r. What is the units digit of r?
2
Let v(d) = -d**2 - 155*d + 171. What is the units digit of v(-71)?
5
Let v(c) = c**3 - 13*c**2 + 13*c - 7. Let x be v(12). Let y = -5 + x. Suppose y = -q - 4*q + 105. What is the tens digit of q?
2
Let a(d) = d + 9. Suppose 4*g + 2 + 2 = -2*t, -4*t + 10 = 2*g. Let i be (-1)/(g - (-19)/6). What is the units digit of a(i)?
3
Suppose -238*o + 234*o = -15344. What is the units digit of o?
6
Let f(o) = 4*o - 2. Let v be f(20). Let d be -4 + 1 + v - 0. Suppose i = -3*m + m + d, 5*m - 185 = -3*i. What is the tens digit of m?
4
Suppose 0 = -21*o + 12629 + 7594. What is the tens digit of o?
6
Suppose -5*z = 2*v + 61, -3*v = -2*v + z + 26. Let a = v + 26. Suppose 0 = -4*l + 4*h + 192, a*h - 52 = -l + 5*h. What is the tens digit of l?
4
Let z(i) = -i + 7. Let p be z(5). Let r(u) = -11*u - 13*u**p + 0*u**3 + 0*u**2 + u**3. What is the tens digit of r(14)?
4
Let w = 230 + -131. What is the units digit of w?
9
Let v be (-22)/(-55) - (-2)/(-5). Suppose v*c + 955 = 5*c. What is the tens digit of c?
9
Let z be (1*-1)/(1 - (-28)/(-21)). Suppose z*t = 136 + 122. What is the units digit of t?
6
Suppose 0*w + 5*w - 95 = 0. Let l = 7 - 14. Let i = w + l. What is the tens digit of i?
1
Let v = 197 + -112. Suppose 2*p - v - 9 = 0. What is the units digit of p?
7
Suppose 3*s - 4*k = 218, -5*k + 332 = 2*s + 2*s. Let m = s + 6. What is the units digit of m?
4
Suppose -m = -3*d + 4, -3*m - 4 - 8 = -5*d. What is the tens digit of 11 - (-4 + m/(-1))?
1
What is the tens digit of (-4)/(2*6) + 5618/6?
3
Suppose 5*m + 3*f = 5, m + f = -f + 8. Let c be ((-70)/28)/(1/m). Suppose 0 = 3*z + 2*z - c*u - 225, 4*u - 8 = 0. What is the units digit of z?
7
Let k(j) = -6*j**2 + 8*j - 8. Let g be k(5). Let z = g - -165. What is the units digit of z?
7
Let m(h) = 3*h + 32. Let p be m(-9). Suppose 0 = 2*t - w - 198, -p*t + 248 = 5*w - 247. What is the units digit of t?
9
Suppose 4*m - m = 9. What is the units digit of (-20)/(2 + m)*(-9 - 1)?
0
Let x(q) = 31*q**2 - 4*q + 37. What is the hundreds digit of x(4)?
5
Suppose -9394 = -311*r + 304*r. What is the units digit of r?
2
Let i be ((-10)/3)/((-6)/9). Let v = i - 6. Let f = v + 4. What is the units digit of f?
3
Let v(i) = 3*i + 11. What is the units digit of v(-1)?
8
Suppose -2*u = -2*k - 3984, k = -3*u + 3969 + 2019. What is the units digit of u?
5
Let k(y) = -2*y + 3. Let r be 7*(-2 + (-32)/(-28)). Let d be k(r). Let w = d - 14. What is the units digit of w?
1
Let d(f) = -f**3 + 5*f**2 - 3*f + 3. Suppose -2*y - b = -1, 7*b - 4*b = 2*y - 13. Let s = 1 + y. What is the units digit of d(s)?
2
Suppose -7*q = q - 3656. What is the tens digit of q?
5
Let h(g) = 36*g**3 + g**2 + 3*g. What is the hundreds digit of h(2)?
2
Suppose 3*c - 6*d = -d + 733, 3*c - 3*d = 729. What is the units digit of c?
1
Suppose -9 = -5*i + 11. Suppose 5*w + 4*p - 276 = 2*w, 5*w - 452 = -i*p. What is the units digit of w?
8
Suppose -2*g = 4*a - 230, -19*g + 185 = 3*a - 15*g. What is the units digit of a?
5
Suppose 0 = 3*r - 4*r - 3. Let d = r + 7. Suppose 0 = 3*m - 8*m + d*u + 109, -u = 4*m - 104. What is the units digit of m?
5
Let s(m) = m**3 + 2*m**2 + 15. Let f be s(-5). What is the units digit of ((-8)/10)/(2/f)?
4
Let j be 60/(-16) - -4 - 1171/(-4). Suppose -k = -3, 2*k = 5*i - 2*k - j. What is the units digit of i?
1
Let f(b) = -161*b + 468. What is the hundreds digit of f(-8)?
7
Let f = -5 + 7. Suppose 4*p + 26 = -f*y, -6*y - 2*p - 55 = -3*y. What is the units digit of ((-24)/(-28))/((-3)/y)?
6
Let s(r) = -r**2 - 6*r + 1217. What is the tens digit of s(0)?
1
Suppose 4*y = -2*f + 3632, -4*y + 8*f - 12*f + 3628 = 0. What is the tens digit of y?
0
Let z = 14 + 184. What is the units digit of 11/(z/1572) + (-2)/6?
7
Suppose -t + 8 = t. Suppose t*m + 4 = 0, 3*c + m = -0*m - 1. Suppose 5*x = -4*a + 115, c*a = -2*x + 4*a + 46. What is the units digit of x?
3
Suppose 36 = 3*v - 27. Suppose 5 + 24 = -2*d + 3*r, 36 = -2*d - 4*r. Let x = v + d. What is the units digit of x?
5
Suppose -30*v = 15*v - 133155. What is the tens digit of v?
5
Suppose 2*w - 40 = -2*w + 4*x, -5*x - 2 = w. Suppose -6*t + 46 = -5*r - 4*t, -2*r - 28 = -4*t. What is the un